{"id":824,"date":"2026-01-11T03:34:35","date_gmt":"2026-01-11T03:34:35","guid":{"rendered":"https:\/\/samlanbox.com\/?post_type=product&#038;p=824"},"modified":"2026-01-25T03:39:44","modified_gmt":"2026-01-25T03:39:44","slug":"thung-carton-co-vach-ngan-partition-box","status":"publish","type":"product","link":"https:\/\/samlanbox.com\/?product=thung-carton-co-vach-ngan-partition-box","title":{"rendered":"Th\u00f9ng Carton C\u00f3 V\u00e1ch Ng\u0103n (Partition Box)"},"content":{"rendered":"<p data-path-to-node=\"23\">Gi\u1ea3i ph\u00e1p b\u1ea3o v\u1ec7 tuy\u1ec7t \u0111\u1ed1i cho c\u00e1c s\u1ea3n ph\u1ea9m d\u1ec5 v\u1ee1. Samlan cung c\u1ea5p th\u00f9ng carton k\u00e8m h\u1ec7 th\u1ed1ng v\u00e1ch ng\u0103n th\u00f4ng minh, chia kh\u00f4ng gian b\u00ean trong th\u00e0nh c\u00e1c \u00f4 ri\u00eang bi\u1ec7t, gi\u00fap c\u1ed1 \u0111\u1ecbnh s\u1ea3n ph\u1ea9m v\u00e0 ng\u0103n ch\u1eb7n ho\u00e0n to\u00e0n s\u1ef1 va ch\u1ea1m n\u1ed9i b\u1ed9.<\/p>\n<figure id=\"attachment_825\" aria-describedby=\"caption-attachment-825\" style=\"width: 300px\" class=\"wp-caption alignnone\"><img fetchpriority=\"high\" decoding=\"async\" class=\"size-medium wp-image-825\" src=\"https:\/\/samlanbox.com\/wp-content\/uploads\/2026\/01\/11-300x300.png\" alt=\"Th\u00f9ng carton c\u00f3 v\u00e1ch ng\u0103n, v\u00e1ch ng\u0103n carton.\" width=\"300\" height=\"300\" srcset=\"https:\/\/samlanbox.com\/wp-content\/uploads\/2026\/01\/11-300x300.png 300w, https:\/\/samlanbox.com\/wp-content\/uploads\/2026\/01\/11-150x150.png 150w, https:\/\/samlanbox.com\/wp-content\/uploads\/2026\/01\/11-768x768.png 768w, https:\/\/samlanbox.com\/wp-content\/uploads\/2026\/01\/11-600x600.png 600w, https:\/\/samlanbox.com\/wp-content\/uploads\/2026\/01\/11-100x100.png 100w, https:\/\/samlanbox.com\/wp-content\/uploads\/2026\/01\/11.png 1000w\" sizes=\"(max-width: 300px) 100vw, 300px\" \/><figcaption id=\"caption-attachment-825\" class=\"wp-caption-text\">Th\u00f9ng carton c\u00f3 v\u00e1ch ng\u0103n, v\u00e1ch ng\u0103n carton.<\/figcaption><\/figure>\n<h3 data-path-to-node=\"24\">1. Th\u00f4ng s\u1ed1 k\u1ef9 thu\u1eadt<\/h3>\n<ul data-path-to-node=\"25\">\n<li>\n<p data-path-to-node=\"25,0,0\"><b data-path-to-node=\"25,0,0\" data-index-in-node=\"0\">C\u1ea5u tr\u00fac:<\/b> Th\u00f9ng ngo\u1ea1i quan k\u00e8m b\u1ed9 v\u00e1ch ng\u0103n ngang d\u1ecdc \u0111an xen.<\/p>\n<\/li>\n<li>\n<p data-path-to-node=\"25,1,0\"><b data-path-to-node=\"25,1,0\" data-index-in-node=\"0\">Lo\u1ea1i s\u00f3ng:<\/b> V\u00e1ch ng\u0103n th\u01b0\u1eddng d\u00f9ng s\u00f3ng B ho\u1eb7c E \u0111\u1ec3 t\u1ed1i \u01b0u kh\u00f4ng gian.<\/p>\n<\/li>\n<li>\n<p data-path-to-node=\"25,2,0\"><b data-path-to-node=\"25,2,0\" data-index-in-node=\"0\">S\u1ed1 l\u01b0\u1ee3ng \u00f4:<\/b> T\u00f9y ch\u1ec9nh 6, 12, 24 \u00f4&#8230; t\u00f9y theo k\u00edch th\u01b0\u1edbc s\u1ea3n ph\u1ea9m.<\/p>\n<\/li>\n<\/ul>\n<h3 data-path-to-node=\"26\">2. \u01afu \u0111i\u1ec3m &amp; \u1ee8ng d\u1ee5ng<\/h3>\n<ul data-path-to-node=\"27\">\n<li>\n<p data-path-to-node=\"27,0,0\"><b data-path-to-node=\"27,0,0\" data-index-in-node=\"0\">\u01afu \u0111i\u1ec3m:<\/b> Ng\u0103n ch\u1eb7n tr\u1ea7y x\u01b0\u1edbc nh\u00e3n m\u00e1c v\u00e0 \u0111\u1ed5 v\u1ee1 tuy\u1ec7t \u0111\u1ed1i. Gia t\u0103ng \u0111\u00e1ng k\u1ec3 kh\u1ea3 n\u0103ng ch\u1ecbu t\u1ea3i c\u1ee7a th\u00f9ng khi ch\u1ed3ng t\u1ea7ng.<\/p>\n<\/li>\n<li>\n<p data-path-to-node=\"27,1,0\"><b data-path-to-node=\"27,1,0\" data-index-in-node=\"0\">\u1ee8ng d\u1ee5ng:<\/b> L\u00fd t\u01b0\u1edfng cho ng\u00e0nh s\u1ea3n xu\u1ea5t r\u01b0\u1ee3u, n\u01b0\u1edbc gi\u1ea3i kh\u00e1t, tinh d\u1ea7u, \u0111\u1ed3 g\u1ed1m s\u1ee9 v\u00e0 c\u00e1c linh ki\u1ec7n \u0111i\u1ec7n t\u1eed nh\u1ecf.<\/p>\n<\/li>\n<\/ul>\n<hr data-path-to-node=\"28\" \/>\n<h3 data-path-to-node=\"29\">3. T\u1ea0I SAO N\u00caN L\u1ef0A CH\u1eccN SAMLAN?<\/h3>\n<ul data-path-to-node=\"30\">\n<li>\n<p data-path-to-node=\"30,0,0\"><b data-path-to-node=\"30,0,0\" data-index-in-node=\"0\">Gi\u00e1 g\u1ed1c t\u1eadn x\u01b0\u1edfng:<\/b> Kh\u00f4ng qua trung gian, t\u1ed1i \u01b0u chi ph\u00ed cho doanh nghi\u1ec7p.<\/p>\n<\/li>\n<li>\n<p data-path-to-node=\"30,1,0\"><b data-path-to-node=\"30,1,0\" data-index-in-node=\"0\">K\u1ef9 thu\u1eadt chu\u1ea9n:<\/b> \u0110\u1ea3m b\u1ea3o \u0111\u1ecbnh l\u01b0\u1ee3ng gi\u1ea5y v\u00e0 lo\u1ea1i s\u00f3ng \u0111\u00fang nh\u01b0 cam k\u1ebft.<\/p>\n<\/li>\n<li>\n<p data-path-to-node=\"30,2,0\"><b data-path-to-node=\"30,2,0\" data-index-in-node=\"0\">T\u01b0 v\u1ea5n chuy\u00ean nghi\u1ec7p:<\/b> H\u1ed7 tr\u1ee3 thi\u1ebft k\u1ebf v\u00e0 in \u1ea5n logo th\u01b0\u01a1ng hi\u1ec7u.<\/p>\n<\/li>\n<\/ul>\n<p data-path-to-node=\"31\"><b data-path-to-node=\"31\" data-index-in-node=\"0\">4. TH\u00d4NG TIN LI\u00caN H\u1ec6:<\/b><\/p>\n<ul data-path-to-node=\"32\">\n<li>\n<p data-path-to-node=\"32,0,0\"><b data-path-to-node=\"32,0,0\" data-index-in-node=\"0\">Hotline\/Zalo:<\/b> 0348.744.689<\/p>\n<\/li>\n<\/ul>\n","protected":false},"excerpt":{"rendered":"<h3 data-path-to-node=\"24\">Th\u00f4ng s\u1ed1 k\u1ef9 thu\u1eadt<\/h3>\n<ul data-path-to-node=\"25\">\n<li>\n<p data-path-to-node=\"25,0,0\"><b data-path-to-node=\"25,0,0\" data-index-in-node=\"0\">C\u1ea5u tr\u00fac:<\/b> Th\u00f9ng ngo\u1ea1i quan k\u00e8m b\u1ed9 v\u00e1ch ng\u0103n ngang d\u1ecdc \u0111an xen.<\/p>\n<\/li>\n<li>\n<p data-path-to-node=\"25,1,0\"><b data-path-to-node=\"25,1,0\" data-index-in-node=\"0\">Lo\u1ea1i s\u00f3ng:<\/b> V\u00e1ch ng\u0103n th\u01b0\u1eddng d\u00f9ng s\u00f3ng B ho\u1eb7c E \u0111\u1ec3 t\u1ed1i \u01b0u kh\u00f4ng gian.<\/p>\n<\/li>\n<li>\n<p data-path-to-node=\"25,2,0\"><b data-path-to-node=\"25,2,0\" data-index-in-node=\"0\">S\u1ed1 l\u01b0\u1ee3ng \u00f4:<\/b> T\u00f9y ch\u1ec9nh 6, 12, 24 \u00f4&#8230; t\u00f9y theo k\u00edch th\u01b0\u1edbc s\u1ea3n ph\u1ea9m<\/p>\n<\/li>\n<\/ul>\n","protected":false},"featured_media":825,"comment_status":"open","ping_status":"closed","template":"","meta":{"_acf_changed":false,"ocean_post_layout":"","ocean_both_sidebars_style":"","ocean_both_sidebars_content_width":0,"ocean_both_sidebars_sidebars_width":0,"ocean_sidebar":"0","ocean_second_sidebar":"0","ocean_disable_margins":"enable","ocean_add_body_class":"","ocean_shortcode_before_top_bar":"","ocean_shortcode_after_top_bar":"","ocean_shortcode_before_header":"","ocean_shortcode_after_header":"","ocean_has_shortcode":"","ocean_shortcode_after_title":"","ocean_shortcode_before_footer_widgets":"","ocean_shortcode_after_footer_widgets":"","ocean_shortcode_before_footer_bottom":"","ocean_shortcode_after_footer_bottom":"","ocean_display_top_bar":"default","ocean_display_header":"default","ocean_header_style":"","ocean_center_header_left_menu":"0","ocean_custom_header_template":"0","ocean_custom_logo":0,"ocean_custom_retina_logo":0,"ocean_custom_logo_max_width":0,"ocean_custom_logo_tablet_max_width":0,"ocean_custom_logo_mobile_max_width":0,"ocean_custom_logo_max_height":0,"ocean_custom_logo_tablet_max_height":0,"ocean_custom_logo_mobile_max_height":0,"ocean_header_custom_menu":"0","ocean_menu_typo_font_family":"0","ocean_menu_typo_font_subset":"","ocean_menu_typo_font_size":0,"ocean_menu_typo_font_size_tablet":0,"ocean_menu_typo_font_size_mobile":0,"ocean_menu_typo_font_size_unit":"px","ocean_menu_typo_font_weight":"","ocean_menu_typo_font_weight_tablet":"","ocean_menu_typo_font_weight_mobile":"","ocean_menu_typo_transform":"","ocean_menu_typo_transform_tablet":"","ocean_menu_typo_transform_mobile":"","ocean_menu_typo_line_height":0,"ocean_menu_typo_line_height_tablet":0,"ocean_menu_typo_line_height_mobile":0,"ocean_menu_typo_line_height_unit":"","ocean_menu_typo_spacing":0,"ocean_menu_typo_spacing_tablet":0,"ocean_menu_typo_spacing_mobile":0,"ocean_menu_typo_spacing_unit":"","ocean_menu_link_color":"","ocean_menu_link_color_hover":"","ocean_menu_link_color_active":"","ocean_menu_link_background":"","ocean_menu_link_hover_background":"","ocean_menu_link_active_background":"","ocean_menu_social_links_bg":"","ocean_menu_social_hover_links_bg":"","ocean_menu_social_links_color":"","ocean_menu_social_hover_links_color":"","ocean_disable_title":"default","ocean_disable_heading":"default","ocean_post_title":"","ocean_post_subheading":"","ocean_post_title_style":"","ocean_post_title_background_color":"","ocean_post_title_background":0,"ocean_post_title_bg_image_position":"","ocean_post_title_bg_image_attachment":"","ocean_post_title_bg_image_repeat":"","ocean_post_title_bg_image_size":"","ocean_post_title_height":0,"ocean_post_title_bg_overlay":0.5,"ocean_post_title_bg_overlay_color":"","ocean_disable_breadcrumbs":"default","ocean_breadcrumbs_color":"","ocean_breadcrumbs_separator_color":"","ocean_breadcrumbs_links_color":"","ocean_breadcrumbs_links_hover_color":"","ocean_display_footer_widgets":"default","ocean_display_footer_bottom":"default","ocean_custom_footer_template":"0"},"product_brand":[86],"product_cat":[66,67,69,73],"product_tag":[122,126,124,123,125],"class_list":{"0":"post-824","1":"product","2":"type-product","3":"status-publish","4":"has-post-thumbnail","6":"product_brand-sam-lan-box","7":"product_cat-hop-carton-cao","8":"product_cat-hop-carton-cung","9":"product_cat-hop-carton-xep-nhanh","10":"product_cat-hop-giay-carton-in-offset","11":"product_tag-thung-carton-co-vach-ngan","12":"product_tag-thung-dung-ruou","13":"product_tag-thung-giay-dung-chai-lo","14":"product_tag-vach-ngan-carton","15":"product_tag-vach-ngan-chong-va-dap","17":"entry","18":"has-media","20":"first","21":"instock","22":"shipping-taxable","23":"product-type-simple","24":"has-product-nav","25":"col","26":"span_1_of_3","27":"owp-content-center","28":"owp-thumbs-layout-horizontal","29":"owp-btn-normal","30":"owp-tabs-layout-horizontal"},"acf":[],"yoast_head":"<!-- This site is optimized with the Yoast SEO plugin v27.0 - https:\/\/yoast.com\/product\/yoast-seo-wordpress\/ -->\n<title>Th\u00f9ng Carton C\u00f3 V\u00e1ch Ng\u0103n (Partition Box) -<\/title>\n<meta name=\"robots\" content=\"index, follow, max-snippet:-1, max-image-preview:large, max-video-preview:-1\" \/>\n<link rel=\"canonical\" href=\"https:\/\/samlanbox.com\/?product=thung-carton-co-vach-ngan-partition-box\" \/>\n<meta property=\"og:locale\" content=\"vi_VN\" \/>\n<meta property=\"og:type\" content=\"article\" \/>\n<meta property=\"og:title\" content=\"Th\u00f9ng Carton C\u00f3 V\u00e1ch Ng\u0103n (Partition Box) -\" \/>\n<meta property=\"og:description\" content=\"Th\u00f4ng s\u1ed1 k\u1ef9 thu\u1eadt    C\u1ea5u tr\u00fac: Th\u00f9ng ngo\u1ea1i quan k\u00e8m b\u1ed9 v\u00e1ch ng\u0103n ngang d\u1ecdc \u0111an xen.    Lo\u1ea1i s\u00f3ng: V\u00e1ch ng\u0103n th\u01b0\u1eddng d\u00f9ng s\u00f3ng B ho\u1eb7c E \u0111\u1ec3 t\u1ed1i \u01b0u kh\u00f4ng gian.    S\u1ed1 l\u01b0\u1ee3ng \u00f4: T\u00f9y ch\u1ec9nh 6, 12, 24 \u00f4... t\u00f9y theo k\u00edch th\u01b0\u1edbc s\u1ea3n ph\u1ea9m\" \/>\n<meta property=\"og:url\" content=\"https:\/\/samlanbox.com\/?product=thung-carton-co-vach-ngan-partition-box\" \/>\n<meta property=\"article:modified_time\" content=\"2026-01-25T03:39:44+00:00\" \/>\n<meta property=\"og:image\" content=\"https:\/\/samlanbox.com\/wp-content\/uploads\/2026\/01\/11.png\" \/>\n\t<meta property=\"og:image:width\" content=\"1000\" \/>\n\t<meta property=\"og:image:height\" content=\"1000\" \/>\n\t<meta property=\"og:image:type\" content=\"image\/png\" \/>\n<meta name=\"twitter:card\" content=\"summary_large_image\" \/>\n<meta name=\"twitter:label1\" content=\"\u01af\u1edbc t\u00ednh th\u1eddi gian \u0111\u1ecdc\" \/>\n\t<meta name=\"twitter:data1\" content=\"2 ph\u00fat\" \/>\n<script type=\"application\/ld+json\" class=\"yoast-schema-graph\">{\"@context\":\"https:\/\/schema.org\",\"@graph\":[{\"@type\":\"WebPage\",\"@id\":\"https:\/\/samlanbox.com\/?product=thung-carton-co-vach-ngan-partition-box\",\"url\":\"https:\/\/samlanbox.com\/?product=thung-carton-co-vach-ngan-partition-box\",\"name\":\"Th\u00f9ng Carton C\u00f3 V\u00e1ch Ng\u0103n (Partition Box) -\",\"isPartOf\":{\"@id\":\"https:\/\/samlanbox.com\/#website\"},\"primaryImageOfPage\":{\"@id\":\"https:\/\/samlanbox.com\/?product=thung-carton-co-vach-ngan-partition-box#primaryimage\"},\"image\":{\"@id\":\"https:\/\/samlanbox.com\/?product=thung-carton-co-vach-ngan-partition-box#primaryimage\"},\"thumbnailUrl\":\"https:\/\/samlanbox.com\/wp-content\/uploads\/2026\/01\/11.png\",\"datePublished\":\"2026-01-11T03:34:35+00:00\",\"dateModified\":\"2026-01-25T03:39:44+00:00\",\"breadcrumb\":{\"@id\":\"https:\/\/samlanbox.com\/?product=thung-carton-co-vach-ngan-partition-box#breadcrumb\"},\"inLanguage\":\"vi\",\"potentialAction\":[{\"@type\":\"ReadAction\",\"target\":[\"https:\/\/samlanbox.com\/?product=thung-carton-co-vach-ngan-partition-box\"]}]},{\"@type\":\"ImageObject\",\"inLanguage\":\"vi\",\"@id\":\"https:\/\/samlanbox.com\/?product=thung-carton-co-vach-ngan-partition-box#primaryimage\",\"url\":\"https:\/\/samlanbox.com\/wp-content\/uploads\/2026\/01\/11.png\",\"contentUrl\":\"https:\/\/samlanbox.com\/wp-content\/uploads\/2026\/01\/11.png\",\"width\":1000,\"height\":1000,\"caption\":\"Th\u00f9ng carton c\u00f3 v\u00e1ch ng\u0103n, v\u00e1ch ng\u0103n carton.\"},{\"@type\":\"BreadcrumbList\",\"@id\":\"https:\/\/samlanbox.com\/?product=thung-carton-co-vach-ngan-partition-box#breadcrumb\",\"itemListElement\":[{\"@type\":\"ListItem\",\"position\":1,\"name\":\"Trang ch\u1ee7\",\"item\":\"https:\/\/samlanbox.com\/\"},{\"@type\":\"ListItem\",\"position\":2,\"name\":\"S\u1ea3n Ph\u1ea9m\",\"item\":\"https:\/\/samlanbox.com\/?page_id=8\"},{\"@type\":\"ListItem\",\"position\":3,\"name\":\"Th\u00f9ng Carton C\u00f3 V\u00e1ch Ng\u0103n (Partition Box)\"}]},{\"@type\":\"WebSite\",\"@id\":\"https:\/\/samlanbox.com\/#website\",\"url\":\"https:\/\/samlanbox.com\/\",\"name\":\"samlanbox.com\",\"description\":\"\",\"publisher\":{\"@id\":\"https:\/\/samlanbox.com\/#organization\"},\"potentialAction\":[{\"@type\":\"SearchAction\",\"target\":{\"@type\":\"EntryPoint\",\"urlTemplate\":\"https:\/\/samlanbox.com\/?s={search_term_string}\"},\"query-input\":{\"@type\":\"PropertyValueSpecification\",\"valueRequired\":true,\"valueName\":\"search_term_string\"}}],\"inLanguage\":\"vi\"},{\"@type\":\"Organization\",\"@id\":\"https:\/\/samlanbox.com\/#organization\",\"name\":\"C\u00f4ng Ty C\u1ed5 Ph\u1ea7n Bao B\u00ec Carton Sam Lan\",\"url\":\"https:\/\/samlanbox.com\/\",\"logo\":{\"@type\":\"ImageObject\",\"inLanguage\":\"vi\",\"@id\":\"https:\/\/samlanbox.com\/#\/schema\/logo\/image\/\",\"url\":\"http:\/\/samlanbox.com\/wp-content\/uploads\/2026\/02\/thung-carton-Sam-Lan-8.png\",\"contentUrl\":\"http:\/\/samlanbox.com\/wp-content\/uploads\/2026\/02\/thung-carton-Sam-Lan-8.png\",\"width\":1000,\"height\":1000,\"caption\":\"C\u00f4ng Ty C\u1ed5 Ph\u1ea7n Bao B\u00ec Carton Sam Lan\"},\"image\":{\"@id\":\"https:\/\/samlanbox.com\/#\/schema\/logo\/image\/\"}}]}<\/script>\n<!-- \/ Yoast SEO plugin. -->","yoast_head_json":{"title":"Th\u00f9ng Carton C\u00f3 V\u00e1ch Ng\u0103n (Partition Box) -","robots":{"index":"index","follow":"follow","max-snippet":"max-snippet:-1","max-image-preview":"max-image-preview:large","max-video-preview":"max-video-preview:-1"},"canonical":"https:\/\/samlanbox.com\/?product=thung-carton-co-vach-ngan-partition-box","og_locale":"vi_VN","og_type":"article","og_title":"Th\u00f9ng Carton C\u00f3 V\u00e1ch Ng\u0103n (Partition Box) -","og_description":"Th\u00f4ng s\u1ed1 k\u1ef9 thu\u1eadt    C\u1ea5u tr\u00fac: Th\u00f9ng ngo\u1ea1i quan k\u00e8m b\u1ed9 v\u00e1ch ng\u0103n ngang d\u1ecdc \u0111an xen.    Lo\u1ea1i s\u00f3ng: V\u00e1ch ng\u0103n th\u01b0\u1eddng d\u00f9ng s\u00f3ng B ho\u1eb7c E \u0111\u1ec3 t\u1ed1i \u01b0u kh\u00f4ng gian.    S\u1ed1 l\u01b0\u1ee3ng \u00f4: T\u00f9y ch\u1ec9nh 6, 12, 24 \u00f4... t\u00f9y theo k\u00edch th\u01b0\u1edbc s\u1ea3n ph\u1ea9m","og_url":"https:\/\/samlanbox.com\/?product=thung-carton-co-vach-ngan-partition-box","article_modified_time":"2026-01-25T03:39:44+00:00","og_image":[{"width":1000,"height":1000,"url":"https:\/\/samlanbox.com\/wp-content\/uploads\/2026\/01\/11.png","type":"image\/png"}],"twitter_card":"summary_large_image","twitter_misc":{"\u01af\u1edbc t\u00ednh th\u1eddi gian \u0111\u1ecdc":"2 ph\u00fat"},"schema":{"@context":"https:\/\/schema.org","@graph":[{"@type":"WebPage","@id":"https:\/\/samlanbox.com\/?product=thung-carton-co-vach-ngan-partition-box","url":"https:\/\/samlanbox.com\/?product=thung-carton-co-vach-ngan-partition-box","name":"Th\u00f9ng Carton C\u00f3 V\u00e1ch Ng\u0103n (Partition Box) -","isPartOf":{"@id":"https:\/\/samlanbox.com\/#website"},"primaryImageOfPage":{"@id":"https:\/\/samlanbox.com\/?product=thung-carton-co-vach-ngan-partition-box#primaryimage"},"image":{"@id":"https:\/\/samlanbox.com\/?product=thung-carton-co-vach-ngan-partition-box#primaryimage"},"thumbnailUrl":"https:\/\/samlanbox.com\/wp-content\/uploads\/2026\/01\/11.png","datePublished":"2026-01-11T03:34:35+00:00","dateModified":"2026-01-25T03:39:44+00:00","breadcrumb":{"@id":"https:\/\/samlanbox.com\/?product=thung-carton-co-vach-ngan-partition-box#breadcrumb"},"inLanguage":"vi","potentialAction":[{"@type":"ReadAction","target":["https:\/\/samlanbox.com\/?product=thung-carton-co-vach-ngan-partition-box"]}]},{"@type":"ImageObject","inLanguage":"vi","@id":"https:\/\/samlanbox.com\/?product=thung-carton-co-vach-ngan-partition-box#primaryimage","url":"https:\/\/samlanbox.com\/wp-content\/uploads\/2026\/01\/11.png","contentUrl":"https:\/\/samlanbox.com\/wp-content\/uploads\/2026\/01\/11.png","width":1000,"height":1000,"caption":"Th\u00f9ng carton c\u00f3 v\u00e1ch ng\u0103n, v\u00e1ch ng\u0103n carton."},{"@type":"BreadcrumbList","@id":"https:\/\/samlanbox.com\/?product=thung-carton-co-vach-ngan-partition-box#breadcrumb","itemListElement":[{"@type":"ListItem","position":1,"name":"Trang ch\u1ee7","item":"https:\/\/samlanbox.com\/"},{"@type":"ListItem","position":2,"name":"S\u1ea3n Ph\u1ea9m","item":"https:\/\/samlanbox.com\/?page_id=8"},{"@type":"ListItem","position":3,"name":"Th\u00f9ng Carton C\u00f3 V\u00e1ch Ng\u0103n (Partition Box)"}]},{"@type":"WebSite","@id":"https:\/\/samlanbox.com\/#website","url":"https:\/\/samlanbox.com\/","name":"samlanbox.com","description":"","publisher":{"@id":"https:\/\/samlanbox.com\/#organization"},"potentialAction":[{"@type":"SearchAction","target":{"@type":"EntryPoint","urlTemplate":"https:\/\/samlanbox.com\/?s={search_term_string}"},"query-input":{"@type":"PropertyValueSpecification","valueRequired":true,"valueName":"search_term_string"}}],"inLanguage":"vi"},{"@type":"Organization","@id":"https:\/\/samlanbox.com\/#organization","name":"C\u00f4ng Ty C\u1ed5 Ph\u1ea7n Bao B\u00ec Carton Sam Lan","url":"https:\/\/samlanbox.com\/","logo":{"@type":"ImageObject","inLanguage":"vi","@id":"https:\/\/samlanbox.com\/#\/schema\/logo\/image\/","url":"http:\/\/samlanbox.com\/wp-content\/uploads\/2026\/02\/thung-carton-Sam-Lan-8.png","contentUrl":"http:\/\/samlanbox.com\/wp-content\/uploads\/2026\/02\/thung-carton-Sam-Lan-8.png","width":1000,"height":1000,"caption":"C\u00f4ng Ty C\u1ed5 Ph\u1ea7n Bao B\u00ec Carton Sam Lan"},"image":{"@id":"https:\/\/samlanbox.com\/#\/schema\/logo\/image\/"}}]}},"jetpack_sharing_enabled":true,"_links":{"self":[{"href":"https:\/\/samlanbox.com\/index.php?rest_route=\/wp\/v2\/product\/824","targetHints":{"allow":["GET"]}}],"collection":[{"href":"https:\/\/samlanbox.com\/index.php?rest_route=\/wp\/v2\/product"}],"about":[{"href":"https:\/\/samlanbox.com\/index.php?rest_route=\/wp\/v2\/types\/product"}],"replies":[{"embeddable":true,"href":"https:\/\/samlanbox.com\/index.php?rest_route=%2Fwp%2Fv2%2Fcomments&post=824"}],"wp:featuredmedia":[{"embeddable":true,"href":"https:\/\/samlanbox.com\/index.php?rest_route=\/wp\/v2\/media\/825"}],"wp:attachment":[{"href":"https:\/\/samlanbox.com\/index.php?rest_route=%2Fwp%2Fv2%2Fmedia&parent=824"}],"wp:term":[{"taxonomy":"product_brand","embeddable":true,"href":"https:\/\/samlanbox.com\/index.php?rest_route=%2Fwp%2Fv2%2Fproduct_brand&post=824"},{"taxonomy":"product_cat","embeddable":true,"href":"https:\/\/samlanbox.com\/index.php?rest_route=%2Fwp%2Fv2%2Fproduct_cat&post=824"},{"taxonomy":"product_tag","embeddable":true,"href":"https:\/\/samlanbox.com\/index.php?rest_route=%2Fwp%2Fv2%2Fproduct_tag&post=824"}],"curies":[{"name":"wp","href":"https:\/\/api.w.org\/{rel}","templated":true}]}}